{"id":21,"date":"2020-04-08T19:37:00","date_gmt":"2020-04-08T19:37:00","guid":{"rendered":"http:\/\/precimaq.com.br\/?page_id=21"},"modified":"2022-03-09T18:23:07","modified_gmt":"2022-03-09T18:23:07","slug":"flexivel-para-freio-a-ar","status":"publish","type":"page","link":"http:\/\/precimaq.com.br\/?page_id=21","title":{"rendered":"Flex\u00edveis p\/Freio a Ar"},"content":{"rendered":"\n<div class=\"wp-block-buttons is-layout-flex wp-block-buttons-is-layout-flex\">\n<div class=\"wp-block-button is-style-outline is-style-outline--1\"><a class=\"wp-block-button__link\" href=\"http:\/\/precimaq.com.br\/?page_id=80\"><strong>Bendix ( Modelo Antigo )<\/strong><\/a><\/div>\n\n\n\n<div class=\"wp-block-button is-style-outline is-style-outline--2\"><a class=\"wp-block-button__link\" href=\"http:\/\/precimaq.com.br\/?page_id=466\"><strong>Canavieiro<\/strong><\/a><\/div>\n\n\n\n<div class=\"wp-block-button is-style-outline is-style-outline--3\"><a class=\"wp-block-button__link\" href=\"http:\/\/precimaq.com.br\/?page_id=460(abrir em uma nova aba)\"><strong>Cavalo p\/Carreta<\/strong><\/a><\/div>\n\n\n\n<div class=\"wp-block-button is-style-outline is-style-outline--4\"><a class=\"wp-block-button__link\" href=\"http:\/\/precimaq.com.br\/?page_id=82(abrir em uma nova aba)\"><strong>Resolu\u00e7\u00e3o 777 ( Original 3\/8\u2033 )<\/strong><\/a><\/div>\n\n\n\n<div class=\"wp-block-button is-style-outline is-style-outline--5\"><a class=\"wp-block-button__link\" href=\"http:\/\/precimaq.com.br\/?page_id=84\"><strong>Resolu\u00e7\u00e3o 777 ( Original 1\/2\u2033 N\u00e3o Inferior a 9mm )<\/strong><\/a><\/div>\n\n\n\n<div class=\"wp-block-button is-style-outline is-style-outline--6\"><a class=\"wp-block-button__link\" href=\"http:\/\/precimaq.com.br\/?page_id=423\"><strong>Resolu\u00e7\u00e3o 777 ( Reposi\u00e7\u00e3o 3\/8\u2033 )<\/strong><\/a><\/div>\n\n\n\n<div class=\"wp-block-button is-style-outline is-style-outline--7\"><a class=\"wp-block-button__link\" href=\"http:\/\/precimaq.com.br\/?page_id=451\"><strong>Resolu\u00e7\u00e3o 777( Reposi\u00e7\u00e3o 1\/2\u2033 )<\/strong><\/a><\/div>\n<\/div>\n","protected":false},"excerpt":{"rendered":"","protected":false},"author":1,"featured_media":0,"parent":3007,"menu_order":0,"comment_status":"closed","ping_status":"closed","template":"","meta":{"footnotes":""},"class_list":["post-21","page","type-page","status-publish","hentry"],"_links":{"self":[{"href":"http:\/\/precimaq.com.br\/index.php?rest_route=\/wp\/v2\/pages\/21","targetHints":{"allow":["GET"]}}],"collection":[{"href":"http:\/\/precimaq.com.br\/index.php?rest_route=\/wp\/v2\/pages"}],"about":[{"href":"http:\/\/precimaq.com.br\/index.php?rest_route=\/wp\/v2\/types\/page"}],"author":[{"embeddable":true,"href":"http:\/\/precimaq.com.br\/index.php?rest_route=\/wp\/v2\/users\/1"}],"replies":[{"embeddable":true,"href":"http:\/\/precimaq.com.br\/index.php?rest_route=%2Fwp%2Fv2%2Fcomments&post=21"}],"version-history":[{"count":23,"href":"http:\/\/precimaq.com.br\/index.php?rest_route=\/wp\/v2\/pages\/21\/revisions"}],"predecessor-version":[{"id":3050,"href":"http:\/\/precimaq.com.br\/index.php?rest_route=\/wp\/v2\/pages\/21\/revisions\/3050"}],"up":[{"embeddable":true,"href":"http:\/\/precimaq.com.br\/index.php?rest_route=\/wp\/v2\/pages\/3007"}],"wp:attachment":[{"href":"http:\/\/precimaq.com.br\/index.php?rest_route=%2Fwp%2Fv2%2Fmedia&parent=21"}],"curies":[{"name":"wp","href":"https:\/\/api.w.org\/{rel}","templated":true}]}}